e hundreds digit of l(o)?
1
Suppose 19*c = 26*c + 14. What is the units digit of c - 79*20/(-5)?
4
Let u(v) = -20*v + 122. Let f be u(6). What is the units digit of f/(-5) - 591/30*-2?
9
Suppose 2*u - 25 = -t, t + 4*u - 108 = -3*t. Let v = 12 - t. Let y(d) = -d**2 - 21*d + 22. What is the tens digit of y(v)?
9
Suppose 4*n + 24 = 0, 5098 = -0*y + y - 3*n. What is the hundreds digit of y?
0
Let y(d) = 1674*d**2 - 389*d + 1154. What is the units digit of y(3)?
3
Let w(x) = x**3 + 13*x**2 + 51*x - 17. Let d be w(-9). Let z = d - -960. What is the hundreds digit of z?
8
Let d = -95 + 15. Let u = 234 + d. What is the hundreds digit of u?
1
Suppose 0 = -3*u + 4*u - 5*k + 8, -u + 3*k - 8 = 0. Let b = u + -1. Let y(h) = 2*h**2 + 12*h - 1. What is the units digit of y(b)?
3
Let t(p) = 59*p**2 + 8*p + 145. What is the thousands digit of t(16)?
5
Let s(a) = 25*a**2 + 714*a - 6. What is the thousands digit of s(-36)?
6
Let b = 24782 - 8278. What is the thousands digit of b?
6
Suppose -33179 + 30695 = -6*b. Suppose 367 + 185 = -2*g. Let i = b + g. What is the tens digit of i?
3
What is the units digit of 249095/10 + 4 + 8 + 57/(-6)?
2
Let c(v) = -v**3 - v**2 + 251*v - 28. What is the tens digit of c(-24)?
9
Let q = -277 + 374. Let t = q - -80. What is the units digit of t?
7
Suppose 15*d = 2*d. Suppose -5*q + 64 = 4*b, -3*b + 9 + 8 = -4*q. Let w = b + d. What is the units digit of w?
1
Suppose 5*v - 9833 = -2*o + 39694, -4*o - 36 = 0. What is the tens digit of v?
0
Suppose -o - 3 = -3*m + 6, 4*o = -2*m + 6. Suppose -25*w = -m*w - 7788. What is the units digit of w?
4
Let v be (-6 - 3/(-3))/(1/(-106)). Let l be (-40)/2*(-6)/24. Suppose 5*h = -q + 2*q + 518, 0 = -l*h - 5*q + v. What is the tens digit of h?
0
Let n = 55 - 5. Suppose -w + p = -82, 2*w - 4*p - n - 112 = 0. What is the tens digit of w?
8
What is the hundreds digit of 30/(-2) + (17871 - 1)?
8
What is the tens digit of 12/(-4)*1/(1/(-233)) + -7?
9
Suppose 7*z = 6*z + 30. Let q be ((-6)/z)/((-2)/10) + -176. What is the units digit of -2*(1/(-3) + q/42)?
9
Let w(s) = s + 4 - 2 + 4 + 2. Let f be w(-5). Suppose 0 = -3*i - 5*u + 484 - 148, -u + f = 0. What is the hundreds digit of i?
1
What is the ten thousands digit of (-24)/108*1641*6/(-8)*162?
4
Let x = -27 + 31. Suppose 5*u - 3*f - 1116 = 0, f = -x + 2. Suppose 2*v + 2*w = 4*v - 92, -5*v + w = -u. What is the units digit of v?
4
Let t(a) = a + 2. Let n be t(-9). Let q(p) = -2*p - 8. Let c be q(n). Suppose -w = -c*w + 260. What is the tens digit of w?
5
Let x be 110/3 - (-4)/(-6). Suppose x*i + 792 = 40*i. Suppose -4*q + i = -5*s - 31, 5*q = s + 260. What is the units digit of q?
1
Let b be 1 + 2 + -37 + 0. Let f = b - -53. Let a = 113 - f. What is the units digit of a?
4
Suppose 2*h = 6*r + 32 + 12, -4*h + 40 = 4*r. Suppose 0 = h*b - 11*b - 468. What is the hundreds digit of b?
2
Suppose 17*g - 45275 - 152279 = 147393. What is the thousands digit of g?
0
Suppose -11 = -5*v + 19. Suppose 2*g - 853 = -w - 2*g, -2*g = -v. What is the hundreds digit of w?
8
Let b be 0 + (-32)/(-2) + -2. Suppose -7*x = -b*x + 2100. What is the hundreds digit of x?
3
Suppose 3*d = 2*r - 717 - 1151, -5*d - 941 = -r. What is the units digit of r?
1
Let k(c) = -c**2 - c + 55. Suppose -2*h - 2*g + 14 = 0, h = -0*g + 5*g - 23. Let u be 0 - (4 + h + -6). What is the tens digit of k(u)?
5
What is the hundreds digit of (-7*(-9)/189)/((-1)/(-198336))?
1
Suppose 0 = 3*v - 29 + 14. Suppose -4*s = -5*d - 40, v*s + 11 = 5*d + 56. Suppose 659 = s*l - 206. What is the hundreds digit of l?
1
Suppose -3*a = 3*r - 60, a = -5*r + 84 + 32. Suppose -29*p + 3830 = -r*p. What is the units digit of p?
6
Suppose -116 = -4*j - 128. Let h(l) = -64*l**3 + 6*l**2 + 12*l - 2. What is the tens digit of h(j)?
4
Let i(t) = 5*t**2 - 2*t. Let s be 2/4 + (-25)/10 - -3. Let r be i(s). Suppose u - 4*j = 3*u - 132, r*j = -2*u + 127. What is the units digit of u?
6
Let p = 73 - 40. Let a(z) = -94*z + 91. Let o be a(1). What is the tens digit of (-323)/o - 22/p?
0
What is the thousands digit of 4405/(25*(-3)/(-165))?
9
Let k = 18032 + -4659. What is the ten thousands digit of k?
1
Let c = 10252 - 3759. What is the thousands digit of c?
6
Suppose 4*x + 4 = -5*u, 3*u - 5 = -2*x + 7*x. Suppose 11*i - 5178 - 674 = u. What is the tens digit of i?
3
Suppose 5*g + 158*i - 171180 = 153*i, -g + 34248 = 5*i. What is the hundreds digit of g?
2
Suppose 4*y + 3936 = -2*b, 975 = -2*y + y + 4*b. Let g = y - -1656. What is the tens digit of g?
7
Suppose x + 4*q = 17718, -6209 = -x - q + 11506. What is the tens digit of x?
1
What is the tens digit of 36/15*(-30)/9 + 311*98?
7
Suppose -143*j + 5283027 = -7873545. What is the ten thousands digit of j?
9
Let k be -3 - -4 - (-5)/(-5)*-4. Suppose k = 2*b - b, 5*j - b = 1020. What is the tens digit of j?
0
Let x be (6/2 - 6) + -363. Let y = 9 - x. What is the hundreds digit of y?
3
Suppose 26*f = 24*f + 10. Suppose 0 = 2*g - 4, 0*c - 4*c = f*g - 22. Suppose 5*s - 178 = -3*p, -c*p + 4*s + 122 = -92. What is the tens digit of p?
6
What is the units digit of (-1 - -12088)/(690/920)?
6
Suppose -4 = z, -3*z = 3*k - 9957 - 5013. What is the tens digit of k?
9
Let f = 12733 + 12736. What is the tens digit of f?
6
Let x = -8156 - -35476. What is the units digit of x?
0
Let g be 14/(-77) + 537/(-11). Let d = 51 + g. Suppose 0 = 4*p - 0*t - 5*t - 281, -d*t - 364 = -5*p. What is the units digit of p?
4
Suppose -w = -2*q + 3, q - w + 9 = -4*w. Suppose -2*m + 0*m + 202 = q. What is the units digit of m?
1
Let r(v) = 11*v**2 - v**3 + 18*v + 17 - 38 + 17. What is the units digit of r(-5)?
6
Let y = -72 + 81. Let d(l) = l**3 - 9*l**2 - 19*l - 7. Let n be d(y). Let h = n + 297. What is the hundreds digit of h?
1
Let q be (34/5)/((-3)/(1740/(-2))). What is the tens digit of (-18)/(-12)*q/6?
9
Let r = 82 + -79. Suppose -3*a = r*g - 1929, g = 4*a - a - 1945. What is the units digit of a?
7
Let h = -570 - -2386. What is the thousands digit of h?
1
Suppose 4*u - 4*g - 22 = -6*g, -3*u - 3*g = -18. What is the hundreds digit of -13*-7*u - (13 - 8)?
4
Suppose -x + 1 = 0, 4*x = s - x - 10. Let c be (2180/s)/((-6)/(-9)). Let d = c - 118. What is the hundreds digit of d?
1
Suppose -4*z + 7062 = 5*y, 2*y - 2325 = 3*z + 509. Suppose 33*p = 35*p - y. What is the tens digit of p?
0
Let l(a) = 19*a**2 - 7*a - 4. Let c be l(4). Suppose w - c = -5*n - 79, -3*w = -5*n - 679. Suppose -4*d + w - 6 = 0. What is the tens digit of d?
5
Suppose 4*j - 4 = 8. Suppose 3*k = 2*o + j*o + 32, -3*o = -2*k + 22. Let i(m) = m**2 - 9*m - 7. What is the tens digit of i(k)?
6
Let s = -17031 - -28745. Suppose 0 = 8*y + 2234 - s. What is the units digit of y?
5
Let y(o) be the first derivative of -19*o**2/2 - 34*o - 18. What is the tens digit of y(-7)?
9
Suppose 4*m + 19816 - 205530 = 2*c, -5*m + 232165 = 5*c. What is the units digit of m?
0
Let f = -30143 + 58954. What is the thousands digit of f?
8
What is the units digit of (-2 + 1)/((-18)/59418)?
1
What is the units digit of (0 - 5 - 23558)*(-4 + 3)?
3
Let d(s) = -40*s + 201. Let m be d(5). What is the hundreds digit of (1 - -6)/m - -505?
5
Suppose -3*p + 816 = 4*h - 7*p, -h = -5*p - 212. Let n = 3094 + -2798. Let f = n - h. What is the tens digit of f?
9
Let r(g) = -g**3 + 9*g**2 + 23*g - 16. Let j be r(11). What is the hundreds digit of -3*(j + (-2800)/24)?
3
Let p be (1/(-2))/(8/(-192)). Suppose 0 = 18*r - p*r - 528. Suppose 892 = 12*q + r. What is the tens digit of q?
6
Let i be 159/7 - 68/(-238). Suppose -7056 = 2*p - i*p. What is the hundreds digit of p?
3
Suppose 0 = 85*v + 42*v - 1800225. What is the hundreds digit of v?
1
Let o = 2569 - 1449. What is the units digit of o?
0
What is the units digit of (-20)/28*192073/(-23)?
5
Suppose 4*i + 4*c = 6*i + 76, 0 = -2*i - 3*c - 41. Let o be (143/(-44))/((-1)/i). Let s = o + 163. What is the units digit of s?
2
Let q(i) be the second derivative of -83*i**3/6 - 61*i**2 + 2*i - 8. What is the tens digit of q(-13)?
5
Let q(m) = -37*m - 17. Let r be q(-6). Let l be (-7)/(14/r)*-2. Suppose -2*n - v + 435 = 0, n + 0*n + 3*v = l. What is the units digit of n?
0
Let d = 108 - 99. Suppose -39 + 3 = -d*k. Suppose -2*v - 3*j = -92, v - 5*v + 180 = k*j. What is the tens digit of v?
4
Let v(k) = 199*k**3 + k**2 - 123*k + 531. What is the tens